{"id":160,"date":"2024-05-18T14:06:43","date_gmt":"2024-05-18T12:06:43","guid":{"rendered":"https:\/\/www.galerieesquina.fr\/?page_id=160"},"modified":"2025-03-18T17:33:47","modified_gmt":"2025-03-18T16:33:47","slug":"sebastien-allart","status":"publish","type":"page","link":"https:\/\/www.galerieesquina.fr\/index.php\/nos-artistes\/sebastien-allart\/","title":{"rendered":"S\u00e9bastien ALLART"},"content":{"rendered":"\n<p>N\u00e9 en 1976, <strong>S\u00e9bastien Allart<\/strong> vit et travaille \u00e0 Aix-en-Provence. Son approche expressionniste avec une dynamique forte et spontan\u00e9e caract\u00e9rise son \u0153uvre.\u00a0Par traits successifs appuy\u00e9s ou esquiss\u00e9s, ondul\u00e9s ou anguleux, d\u00e9ploy\u00e9s ou resserr\u00e9s, les \u0153uvres de S\u00e9bastien Allart vous livrent le regard qu\u2019il porte sur le monde r\u00e9el ou imagin\u00e9, un monde essentiellement en noir et blanc . De ses trac\u00e9s instinctifs o\u00f9 le regard triomphe, il laisse fuir une charge \u00e9motionnelle, cette charge qui l\u2019anime et qu\u2019il offre \u00e0 l\u2019amateur d\u2019art. Son oeuvre artistique lui vaut d\u2019\u00eatre dans de nombreuses galeries et salons d\u2019art contemporain.<\/p>\n\n\n\n<figure class=\"wp-block-table\"><table><tbody><tr><td><br>\t\t<link href=\"https:\/\/www.galerieesquina.fr\/wp-content\/plugins\/slideshow-ck\/themes\/default\/css\/camera.css\" rel=\"stylesheet\" type=\"text\/css\" \/>\n\t\t<style type=\"text\/css\">\n\t\t\t#camera_wrap_159 .camera_pag_ul li img, #camera_wrap_159 .camera_thumbs_cont ul li img {\n\t\t\t\theight:100px;\n\t\t\t\twidth: auto;\n\t\t\t}\n\t\t\t#camera_wrap_159 .camera_caption {\n\t\t\t\tdisplay: block;\n\t\t\t\tposition: absolute;\n\t\t\t}\n\t\t\t#camera_wrap_159 .camera_caption a.camera_caption_link {\n\t\t\t\tdisplay: block;\n\t\t\t\tposition: absolute;\n\t\t\t\tleft: 0;\n\t\t\t\tright: 0;\n\t\t\t\ttop: 0;\n\t\t\t\tbottom: 0;\n\t\t\t}\n\t\t\t#camera_wrap_159 .camera_caption > div {\n\t\t\t\tbackground: #000000;\t\t\t}\n\t\t\t#camera_wrap_159 .camera_caption div.camera_caption_title {\n\t\t\t\tfont-size: 18px;line-height: 18px;font-weight: normal;\t\t\t}\n\t\t\t#camera_wrap_159 .camera_caption div.camera_caption_desc {\n\t\t\t\tfont-size: 12px;line-height: 12px;font-weight: normal;\t\t\t}\n\t\t<\/style>\n\t\t\t\t<div class=\"slideshowck camera_wrap camera_amber_skin\" id=\"camera_wrap_159\">\n\t\t\t\t\t\t\t<div data-rel=\"lightbox\"  data-thumb=\"http:\/\/www.galerieesquina.fr\/wp-content\/uploads\/2024\/05\/6656b8fe-a8b6-4fd6-bb01-b19aa1dc2856.jpg\" data-src=\"http:\/\/www.galerieesquina.fr\/wp-content\/uploads\/2024\/05\/6656b8fe-a8b6-4fd6-bb01-b19aa1dc2856.jpg\" >\n\t\t\t\t\t\t\t\t\t\t<\/div>\n\t\t\t\t\t\t\t<div data-rel=\"lightbox\"  data-thumb=\"http:\/\/www.galerieesquina.fr\/wp-content\/uploads\/2024\/05\/3bdb7e55-ad33-4adf-b229-cc7876db2cce.jpg\" data-src=\"http:\/\/www.galerieesquina.fr\/wp-content\/uploads\/2024\/05\/3bdb7e55-ad33-4adf-b229-cc7876db2cce.jpg\" >\n\t\t\t\t\t\t\t\t\t\t<\/div>\n\t\t\t\t\t\t\t<div data-rel=\"lightbox\"  data-thumb=\"http:\/\/www.galerieesquina.fr\/wp-content\/uploads\/2024\/05\/9e3351fb-eab4-4018-b9fb-ba285f0f92f3.jpg\" data-src=\"http:\/\/www.galerieesquina.fr\/wp-content\/uploads\/2024\/05\/9e3351fb-eab4-4018-b9fb-ba285f0f92f3.jpg\" >\n\t\t\t\t\t\t\t\t\t\t<\/div>\n\t\t\t\t\t\t\t<div data-rel=\"lightbox\"  data-thumb=\"http:\/\/www.galerieesquina.fr\/wp-content\/uploads\/2024\/05\/044fbbaa-584e-48c9-91a9-bf13c618e0b7.jpg\" data-src=\"http:\/\/www.galerieesquina.fr\/wp-content\/uploads\/2024\/05\/044fbbaa-584e-48c9-91a9-bf13c618e0b7.jpg\" >\n\t\t\t\t\t\t\t\t\t\t<\/div>\n\t\t\t\t\t\t\t<div data-rel=\"lightbox\"  data-thumb=\"http:\/\/www.galerieesquina.fr\/wp-content\/uploads\/2024\/05\/cb90cbeb-69e5-4664-a58b-3840324d1ce7.jpg\" data-src=\"http:\/\/www.galerieesquina.fr\/wp-content\/uploads\/2024\/05\/cb90cbeb-69e5-4664-a58b-3840324d1ce7.jpg\" >\n\t\t\t\t\t\t\t\t\t\t<\/div>\n\t\t\t\t\t\t\t<div data-rel=\"lightbox\"  data-thumb=\"http:\/\/www.galerieesquina.fr\/wp-content\/uploads\/2024\/05\/35dd51a2-892e-47d4-8591-848ca054ab43.jpg\" data-src=\"http:\/\/www.galerieesquina.fr\/wp-content\/uploads\/2024\/05\/35dd51a2-892e-47d4-8591-848ca054ab43.jpg\" >\n\t\t\t\t\t\t\t\t\t\t<\/div>\n\t\t\t\t\t\t\t<div data-rel=\"lightbox\"  data-thumb=\"http:\/\/www.galerieesquina.fr\/wp-content\/uploads\/2024\/05\/0fd04fa4-e695-4931-9592-a1232d2d67f4.jpg\" data-src=\"http:\/\/www.galerieesquina.fr\/wp-content\/uploads\/2024\/05\/0fd04fa4-e695-4931-9592-a1232d2d67f4.jpg\" >\n\t\t\t\t\t\t\t\t\t\t<\/div>\n\t\t\t\t\t<\/div>\n\t\t<div style=\"clear:both;\"><\/div>\n\t\t<\/td><\/tr><\/tbody><\/table><\/figure>\n","protected":false},"excerpt":{"rendered":"<p>N\u00e9 en 1976, S\u00e9bastien Allart vit et travaille \u00e0 Aix-en-Provence. Son approche expressionniste avec une dynamique forte et spontan\u00e9e caract\u00e9rise son \u0153uvre.\u00a0Par traits successifs appuy\u00e9s ou esquiss\u00e9s, ondul\u00e9s ou anguleux, d\u00e9ploy\u00e9s ou resserr\u00e9s, les \u0153uvres de S\u00e9bastien Allart vous livrent &hellip; <a href=\"https:\/\/www.galerieesquina.fr\/index.php\/nos-artistes\/sebastien-allart\/\">Continue reading <span class=\"meta-nav\">&rarr;<\/span><\/a><\/p>\n","protected":false},"author":1,"featured_media":0,"parent":48,"menu_order":0,"comment_status":"closed","ping_status":"closed","template":"","meta":{"footnotes":""},"class_list":["post-160","page","type-page","status-publish","hentry"],"_links":{"self":[{"href":"https:\/\/www.galerieesquina.fr\/index.php\/wp-json\/wp\/v2\/pages\/160","targetHints":{"allow":["GET"]}}],"collection":[{"href":"https:\/\/www.galerieesquina.fr\/index.php\/wp-json\/wp\/v2\/pages"}],"about":[{"href":"https:\/\/www.galerieesquina.fr\/index.php\/wp-json\/wp\/v2\/types\/page"}],"author":[{"embeddable":true,"href":"https:\/\/www.galerieesquina.fr\/index.php\/wp-json\/wp\/v2\/users\/1"}],"replies":[{"embeddable":true,"href":"https:\/\/www.galerieesquina.fr\/index.php\/wp-json\/wp\/v2\/comments?post=160"}],"version-history":[{"count":4,"href":"https:\/\/www.galerieesquina.fr\/index.php\/wp-json\/wp\/v2\/pages\/160\/revisions"}],"predecessor-version":[{"id":202,"href":"https:\/\/www.galerieesquina.fr\/index.php\/wp-json\/wp\/v2\/pages\/160\/revisions\/202"}],"up":[{"embeddable":true,"href":"https:\/\/www.galerieesquina.fr\/index.php\/wp-json\/wp\/v2\/pages\/48"}],"wp:attachment":[{"href":"https:\/\/www.galerieesquina.fr\/index.php\/wp-json\/wp\/v2\/media?parent=160"}],"curies":[{"name":"wp","href":"https:\/\/api.w.org\/{rel}","templated":true}]}}

Sébastien ALLART

<p>Né en 1976, <strong>Sébastien Allart</strong> vit et travaille à Aix-en-Provence. Son approche expressionniste avec une dynamique forte et spontanée caractérise son œuvre. Par traits successifs appuyés ou esquissés, ondulés ou anguleux, déployés ou resserrés, les œuvres de Sébastien Allart vous livrent le regard qu’il porte sur le monde réel ou imaginé, un monde essentiellement en noir et blanc . De ses tracés instinctifs où le regard triomphe, il laisse fuir une charge émotionnelle, cette charge qui l’anime et qu’il offre à l’amateur d’art. Son oeuvre artistique lui vaut d’être dans de nombreuses galeries et salons d’art contemporain.</p>



<figure class="wp-block-table"><table><tbody><tr><td><br>		<link href="https://www.galerieesquina.fr/wp-content/plugins/slideshow-ck/themes/default/css/camera.css" rel="stylesheet" type="text/css" />
		<style type="text/css">
			#camera_wrap_159 .camera_pag_ul li img, #camera_wrap_159 .camera_thumbs_cont ul li img {
				height:100px;
				width: auto;
			}
			#camera_wrap_159 .camera_caption {
				display: block;
				position: absolute;
			}
			#camera_wrap_159 .camera_caption a.camera_caption_link {
				display: block;
				position: absolute;
				left: 0;
				right: 0;
				top: 0;
				bottom: 0;
			}
			#camera_wrap_159 .camera_caption > div {
				background: #000000;			}
			#camera_wrap_159 .camera_caption div.camera_caption_title {
				font-size: 18px;line-height: 18px;font-weight: normal;			}
			#camera_wrap_159 .camera_caption div.camera_caption_desc {
				font-size: 12px;line-height: 12px;font-weight: normal;			}
		</style>
				<div class="slideshowck camera_wrap camera_amber_skin" id="camera_wrap_159">
							<div data-rel="lightbox"  data-thumb="http://www.galerieesquina.fr/wp-content/uploads/2024/05/6656b8fe-a8b6-4fd6-bb01-b19aa1dc2856.jpg" data-src="http://www.galerieesquina.fr/wp-content/uploads/2024/05/6656b8fe-a8b6-4fd6-bb01-b19aa1dc2856.jpg" >
										</div>
							<div data-rel="lightbox"  data-thumb="http://www.galerieesquina.fr/wp-content/uploads/2024/05/3bdb7e55-ad33-4adf-b229-cc7876db2cce.jpg" data-src="http://www.galerieesquina.fr/wp-content/uploads/2024/05/3bdb7e55-ad33-4adf-b229-cc7876db2cce.jpg" >
										</div>
							<div data-rel="lightbox"  data-thumb="http://www.galerieesquina.fr/wp-content/uploads/2024/05/9e3351fb-eab4-4018-b9fb-ba285f0f92f3.jpg" data-src="http://www.galerieesquina.fr/wp-content/uploads/2024/05/9e3351fb-eab4-4018-b9fb-ba285f0f92f3.jpg" >
										</div>
							<div data-rel="lightbox"  data-thumb="http://www.galerieesquina.fr/wp-content/uploads/2024/05/044fbbaa-584e-48c9-91a9-bf13c618e0b7.jpg" data-src="http://www.galerieesquina.fr/wp-content/uploads/2024/05/044fbbaa-584e-48c9-91a9-bf13c618e0b7.jpg" >
										</div>
							<div data-rel="lightbox"  data-thumb="http://www.galerieesquina.fr/wp-content/uploads/2024/05/cb90cbeb-69e5-4664-a58b-3840324d1ce7.jpg" data-src="http://www.galerieesquina.fr/wp-content/uploads/2024/05/cb90cbeb-69e5-4664-a58b-3840324d1ce7.jpg" >
										</div>
							<div data-rel="lightbox"  data-thumb="http://www.galerieesquina.fr/wp-content/uploads/2024/05/35dd51a2-892e-47d4-8591-848ca054ab43.jpg" data-src="http://www.galerieesquina.fr/wp-content/uploads/2024/05/35dd51a2-892e-47d4-8591-848ca054ab43.jpg" >
										</div>
							<div data-rel="lightbox"  data-thumb="http://www.galerieesquina.fr/wp-content/uploads/2024/05/0fd04fa4-e695-4931-9592-a1232d2d67f4.jpg" data-src="http://www.galerieesquina.fr/wp-content/uploads/2024/05/0fd04fa4-e695-4931-9592-a1232d2d67f4.jpg" >
										</div>
					</div>
		<div style="clear:both;"></div>
		</td></tr></tbody></table></figure>

<p>Né en 1976, Sébastien Allart vit et travaille à Aix-en-Provence. Son approche expressionniste avec une dynamique forte et spontanée caractérise son œuvre. Par traits successifs appuyés ou esquissés, ondulés ou anguleux, déployés ou resserrés, les œuvres de Sébastien Allart vous livrent &hellip; <a href="https://www.galerieesquina.fr/index.php/nos-artistes/sebastien-allart/">Continue reading <span class="meta-nav">&rarr;</span></a></p>
