{"id":135,"date":"2024-05-18T13:07:23","date_gmt":"2024-05-18T11:07:23","guid":{"rendered":"https:\/\/www.galerieesquina.fr\/?page_id=135"},"modified":"2024-05-18T13:59:16","modified_gmt":"2024-05-18T11:59:16","slug":"max-rovira","status":"publish","type":"page","link":"https:\/\/www.galerieesquina.fr\/index.php\/nos-artistes\/max-rovira\/","title":{"rendered":"Max ROVIRA"},"content":{"rendered":"\n<p><strong>Max Rovira<\/strong>&nbsp;est un artiste peintre marseillais d\u2019origine espagnole n\u00e9 en 1953. Il a install\u00e9 sa galerie et ses ateliers \u00e0 Collioure et \u00e0 Port-Vendres depuis plus de dix ans. Ses premiers travaux s\u2019inspirent du post-impressionnisme. Il combine sa rigueur picturale \u00e0 une in\u00e9puisable vari\u00e9t\u00e9 de reflets et de lumi\u00e8res. Objectif : modifier une attitude \u00e0 l\u2019\u00e9gard de la r\u00e9alit\u00e9.<\/p>\n\n\n\n<figure class=\"wp-block-table\"><table><tbody><tr><td><br>\t\t<link href=\"https:\/\/www.galerieesquina.fr\/wp-content\/plugins\/slideshow-ck\/themes\/default\/css\/camera.css\" rel=\"stylesheet\" type=\"text\/css\" \/>\n\t\t<style type=\"text\/css\">\n\t\t\t#camera_wrap_142 .camera_pag_ul li img, #camera_wrap_142 .camera_thumbs_cont ul li img {\n\t\t\t\theight:100px;\n\t\t\t\twidth: auto;\n\t\t\t}\n\t\t\t#camera_wrap_142 .camera_caption {\n\t\t\t\tdisplay: block;\n\t\t\t\tposition: absolute;\n\t\t\t}\n\t\t\t#camera_wrap_142 .camera_caption a.camera_caption_link {\n\t\t\t\tdisplay: block;\n\t\t\t\tposition: absolute;\n\t\t\t\tleft: 0;\n\t\t\t\tright: 0;\n\t\t\t\ttop: 0;\n\t\t\t\tbottom: 0;\n\t\t\t}\n\t\t\t#camera_wrap_142 .camera_caption > div {\n\t\t\t\tbackground: #000000;\t\t\t}\n\t\t\t#camera_wrap_142 .camera_caption div.camera_caption_title {\n\t\t\t\tfont-size: 18px;line-height: 18px;font-weight: normal;\t\t\t}\n\t\t\t#camera_wrap_142 .camera_caption div.camera_caption_desc {\n\t\t\t\tfont-size: 12px;line-height: 12px;font-weight: normal;\t\t\t}\n\t\t<\/style>\n\t\t\t\t<div class=\"slideshowck camera_wrap camera_amber_skin\" id=\"camera_wrap_142\">\n\t\t\t\t\t\t\t<div data-rel=\"lightbox\"  data-thumb=\"http:\/\/www.galerieesquina.fr\/wp-content\/uploads\/2024\/05\/IMG_1289.jpg\" data-src=\"http:\/\/www.galerieesquina.fr\/wp-content\/uploads\/2024\/05\/IMG_1289.jpg\" >\n\t\t\t\t\t\t\t\t\t\t<\/div>\n\t\t\t\t\t\t\t<div data-rel=\"lightbox\"  data-thumb=\"http:\/\/www.galerieesquina.fr\/wp-content\/uploads\/2024\/05\/IMG_1291.jpg\" data-src=\"http:\/\/www.galerieesquina.fr\/wp-content\/uploads\/2024\/05\/IMG_1291.jpg\" >\n\t\t\t\t\t\t\t\t\t\t<\/div>\n\t\t\t\t\t\t\t<div data-rel=\"lightbox\"  data-thumb=\"http:\/\/www.galerieesquina.fr\/wp-content\/uploads\/2024\/05\/IMG_1292.jpg\" data-src=\"http:\/\/www.galerieesquina.fr\/wp-content\/uploads\/2024\/05\/IMG_1292.jpg\" >\n\t\t\t\t\t\t\t\t\t\t<\/div>\n\t\t\t\t\t\t\t<div data-rel=\"lightbox\"  data-thumb=\"http:\/\/www.galerieesquina.fr\/wp-content\/uploads\/2024\/05\/IMG_1290.jpg\" data-src=\"http:\/\/www.galerieesquina.fr\/wp-content\/uploads\/2024\/05\/IMG_1290.jpg\" >\n\t\t\t\t\t\t\t\t\t\t<\/div>\n\t\t\t\t\t<\/div>\n\t\t<div style=\"clear:both;\"><\/div>\n\t\t<\/td><\/tr><\/tbody><\/table><\/figure>\n","protected":false},"excerpt":{"rendered":"<p>Max Rovira&nbsp;est un artiste peintre marseillais d\u2019origine espagnole n\u00e9 en 1953. Il a install\u00e9 sa galerie et ses ateliers \u00e0 Collioure et \u00e0 Port-Vendres depuis plus de dix ans. Ses premiers travaux s\u2019inspirent du post-impressionnisme. Il combine sa rigueur picturale &hellip; <a href=\"https:\/\/www.galerieesquina.fr\/index.php\/nos-artistes\/max-rovira\/\">Continue reading <span class=\"meta-nav\">&rarr;<\/span><\/a><\/p>\n","protected":false},"author":1,"featured_media":0,"parent":48,"menu_order":1,"comment_status":"closed","ping_status":"closed","template":"","meta":{"footnotes":""},"class_list":["post-135","page","type-page","status-publish","hentry"],"_links":{"self":[{"href":"https:\/\/www.galerieesquina.fr\/index.php\/wp-json\/wp\/v2\/pages\/135","targetHints":{"allow":["GET"]}}],"collection":[{"href":"https:\/\/www.galerieesquina.fr\/index.php\/wp-json\/wp\/v2\/pages"}],"about":[{"href":"https:\/\/www.galerieesquina.fr\/index.php\/wp-json\/wp\/v2\/types\/page"}],"author":[{"embeddable":true,"href":"https:\/\/www.galerieesquina.fr\/index.php\/wp-json\/wp\/v2\/users\/1"}],"replies":[{"embeddable":true,"href":"https:\/\/www.galerieesquina.fr\/index.php\/wp-json\/wp\/v2\/comments?post=135"}],"version-history":[{"count":2,"href":"https:\/\/www.galerieesquina.fr\/index.php\/wp-json\/wp\/v2\/pages\/135\/revisions"}],"predecessor-version":[{"id":144,"href":"https:\/\/www.galerieesquina.fr\/index.php\/wp-json\/wp\/v2\/pages\/135\/revisions\/144"}],"up":[{"embeddable":true,"href":"https:\/\/www.galerieesquina.fr\/index.php\/wp-json\/wp\/v2\/pages\/48"}],"wp:attachment":[{"href":"https:\/\/www.galerieesquina.fr\/index.php\/wp-json\/wp\/v2\/media?parent=135"}],"curies":[{"name":"wp","href":"https:\/\/api.w.org\/{rel}","templated":true}]}}

<p><strong>Max Rovira</strong>&nbsp;est un artiste peintre marseillais d’origine espagnole né en 1953. Il a installé sa galerie et ses ateliers à Collioure et à Port-Vendres depuis plus de dix ans. Ses premiers travaux s’inspirent du post-impressionnisme. Il combine sa rigueur picturale à une inépuisable variété de reflets et de lumières. Objectif : modifier une attitude à l’égard de la réalité.</p>



<figure class="wp-block-table"><table><tbody><tr><td><br>		<link href="https://www.galerieesquina.fr/wp-content/plugins/slideshow-ck/themes/default/css/camera.css" rel="stylesheet" type="text/css" />
		<style type="text/css">
			#camera_wrap_142 .camera_pag_ul li img, #camera_wrap_142 .camera_thumbs_cont ul li img {
				height:100px;
				width: auto;
			}
			#camera_wrap_142 .camera_caption {
				display: block;
				position: absolute;
			}
			#camera_wrap_142 .camera_caption a.camera_caption_link {
				display: block;
				position: absolute;
				left: 0;
				right: 0;
				top: 0;
				bottom: 0;
			}
			#camera_wrap_142 .camera_caption > div {
				background: #000000;			}
			#camera_wrap_142 .camera_caption div.camera_caption_title {
				font-size: 18px;line-height: 18px;font-weight: normal;			}
			#camera_wrap_142 .camera_caption div.camera_caption_desc {
				font-size: 12px;line-height: 12px;font-weight: normal;			}
		</style>
				<div class="slideshowck camera_wrap camera_amber_skin" id="camera_wrap_142">
							<div data-rel="lightbox"  data-thumb="http://www.galerieesquina.fr/wp-content/uploads/2024/05/IMG_1289.jpg" data-src="http://www.galerieesquina.fr/wp-content/uploads/2024/05/IMG_1289.jpg" >
										</div>
							<div data-rel="lightbox"  data-thumb="http://www.galerieesquina.fr/wp-content/uploads/2024/05/IMG_1291.jpg" data-src="http://www.galerieesquina.fr/wp-content/uploads/2024/05/IMG_1291.jpg" >
										</div>
							<div data-rel="lightbox"  data-thumb="http://www.galerieesquina.fr/wp-content/uploads/2024/05/IMG_1292.jpg" data-src="http://www.galerieesquina.fr/wp-content/uploads/2024/05/IMG_1292.jpg" >
										</div>
							<div data-rel="lightbox"  data-thumb="http://www.galerieesquina.fr/wp-content/uploads/2024/05/IMG_1290.jpg" data-src="http://www.galerieesquina.fr/wp-content/uploads/2024/05/IMG_1290.jpg" >
										</div>
					</div>
		<div style="clear:both;"></div>
		</td></tr></tbody></table></figure>

<p>Max Rovira&nbsp;est un artiste peintre marseillais d’origine espagnole né en 1953. Il a installé sa galerie et ses ateliers à Collioure et à Port-Vendres depuis plus de dix ans. Ses premiers travaux s’inspirent du post-impressionnisme. Il combine sa rigueur picturale &hellip; <a href="https://www.galerieesquina.fr/index.php/nos-artistes/max-rovira/">Continue reading <span class="meta-nav">&rarr;</span></a></p>
