{"id":118,"date":"2024-05-18T12:53:32","date_gmt":"2024-05-18T10:53:32","guid":{"rendered":"https:\/\/www.galerieesquina.fr\/?page_id=118"},"modified":"2025-03-18T17:33:20","modified_gmt":"2025-03-18T16:33:20","slug":"lolek","status":"publish","type":"page","link":"https:\/\/www.galerieesquina.fr\/index.php\/nos-artistes\/lolek\/","title":{"rendered":"LOLEK"},"content":{"rendered":"\n<p>Artiste pr\u00e9coce n\u00e9 en 1984,<strong> Lolek <\/strong>compose ses premiers\u00a0dessins et pastels \u00e0 10 ans et propose ses premiers bronzes en exposition \u00e0 12 ans.<\/p>\n\n\n\n<p>Aujourd\u2019hui ses sujets nus ne choquent plus personne, pourtant \u00e0 cette \u00e9poque dans le coll\u00e8ge religieux qu\u2019il fr\u00e9quente, au-del\u00e0 du caract\u00e8re \u00e9rotique qui lui est reproch\u00e9, les professeurs de dessin diront de lui qu\u2019il est sans talent et que ses dessins sont trop simplistes.<\/p>\n\n\n\n<p>Pourtant, il r\u00e9v\u00e8le un sens inn\u00e9 des \u00e9quilibres et des formes g\u00e9n\u00e9reuses que l\u2019on retrouve tout au long de sa d\u00e9j\u00e0 longue carri\u00e8re. Il exprime dans ses \u0153uvres des sensations charnelles un peu provocatrices qui font de lui un jeune cr\u00e9ateur tr\u00e8s talentueux et tr\u00e8s remarqu\u00e9.<\/p>\n\n\n\n<p>Artiste professionnel tr\u00e8s t\u00f4t, il expose dans les galeries d\u2019art du monde entier depuis 1996.<\/p>\n\n\n\n<p>Ses \u0153uvres ont une facture unique rehauss\u00e9e de patine de grande qualit\u00e9.<\/p>\n\n\n\n<p>A l\u2019origine ses formes \u00e9pur\u00e9es et amples lui permettent de cr\u00e9er sans ma\u00eetriser les techniques et rendent facilement stables ses sculptures&nbsp;; cette \u00ab&nbsp;immaturit\u00e9&nbsp;\u00bb va lui offrir un style et encrer sa signature artistique.<\/p>\n\n\n\n<p>Elle est aujourd\u2019hui indissociable de son \u0153uvre.<\/p>\n\n\n\n<p>Il ne propose que des \u0153uvres originales num\u00e9rot\u00e9es, toujours en bronze patin\u00e9s ou peints.<\/p>\n\n\n\n<p>Lolek est un artiste sculpteur cot\u00e9 Drouot &amp; Akoun.<\/p>\n\n\n\n\t\t<link href=\"https:\/\/www.galerieesquina.fr\/wp-content\/plugins\/slideshow-ck\/themes\/default\/css\/camera.css\" rel=\"stylesheet\" type=\"text\/css\" \/>\n\t\t<style type=\"text\/css\">\n\t\t\t#camera_wrap_124 .camera_pag_ul li img, #camera_wrap_124 .camera_thumbs_cont ul li img {\n\t\t\t\theight:100px;\n\t\t\t\twidth: auto;\n\t\t\t}\n\t\t\t#camera_wrap_124 .camera_caption {\n\t\t\t\tdisplay: block;\n\t\t\t\tposition: absolute;\n\t\t\t}\n\t\t\t#camera_wrap_124 .camera_caption a.camera_caption_link {\n\t\t\t\tdisplay: block;\n\t\t\t\tposition: absolute;\n\t\t\t\tleft: 0;\n\t\t\t\tright: 0;\n\t\t\t\ttop: 0;\n\t\t\t\tbottom: 0;\n\t\t\t}\n\t\t\t#camera_wrap_124 .camera_caption > div {\n\t\t\t\tbackground: #000000;\t\t\t}\n\t\t\t#camera_wrap_124 .camera_caption div.camera_caption_title {\n\t\t\t\tfont-size: 18px;line-height: 18px;font-weight: normal;\t\t\t}\n\t\t\t#camera_wrap_124 .camera_caption div.camera_caption_desc {\n\t\t\t\tfont-size: 12px;line-height: 12px;font-weight: normal;\t\t\t}\n\t\t<\/style>\n\t\t\t\t<div class=\"slideshowck camera_wrap camera_amber_skin\" id=\"camera_wrap_124\">\n\t\t\t\t\t\t\t<div data-rel=\"lightbox\"  data-thumb=\"http:\/\/www.galerieesquina.fr\/wp-content\/uploads\/2024\/05\/IMG_1319-rotated.jpg\" data-src=\"http:\/\/www.galerieesquina.fr\/wp-content\/uploads\/2024\/05\/IMG_1319-rotated.jpg\" >\n\t\t\t\t\t\t\t\t\t\t<\/div>\n\t\t\t\t\t\t\t<div data-rel=\"lightbox\"  data-thumb=\"http:\/\/www.galerieesquina.fr\/wp-content\/uploads\/2024\/05\/IMG_1314-rotated.jpg\" data-src=\"http:\/\/www.galerieesquina.fr\/wp-content\/uploads\/2024\/05\/IMG_1314-rotated.jpg\" >\n\t\t\t\t\t\t\t\t\t\t<\/div>\n\t\t\t\t\t\t\t<div data-rel=\"lightbox\"  data-thumb=\"http:\/\/www.galerieesquina.fr\/wp-content\/uploads\/2024\/05\/IMG_1315.jpg\" data-src=\"http:\/\/www.galerieesquina.fr\/wp-content\/uploads\/2024\/05\/IMG_1315.jpg\" >\n\t\t\t\t\t\t\t\t\t\t<\/div>\n\t\t\t\t\t\t\t<div data-rel=\"lightbox\"  data-thumb=\"http:\/\/www.galerieesquina.fr\/wp-content\/uploads\/2024\/05\/IMG_1321.jpg\" data-src=\"http:\/\/www.galerieesquina.fr\/wp-content\/uploads\/2024\/05\/IMG_1321.jpg\" >\n\t\t\t\t\t\t\t\t\t\t<\/div>\n\t\t\t\t\t\t\t<div data-rel=\"lightbox\"  data-thumb=\"http:\/\/www.galerieesquina.fr\/wp-content\/uploads\/2024\/05\/IMG_1308.jpg\" data-src=\"http:\/\/www.galerieesquina.fr\/wp-content\/uploads\/2024\/05\/IMG_1308.jpg\" >\n\t\t\t\t\t\t\t\t\t\t<\/div>\n\t\t\t\t\t\t\t<div data-rel=\"lightbox\"  data-thumb=\"http:\/\/www.galerieesquina.fr\/wp-content\/uploads\/2024\/05\/IMG_1318-rotated.jpg\" data-src=\"http:\/\/www.galerieesquina.fr\/wp-content\/uploads\/2024\/05\/IMG_1318-rotated.jpg\" >\n\t\t\t\t\t\t\t\t\t\t<\/div>\n\t\t\t\t\t\t\t<div data-rel=\"lightbox\"  data-thumb=\"http:\/\/www.galerieesquina.fr\/wp-content\/uploads\/2024\/05\/IMG_1322.jpg\" data-src=\"http:\/\/www.galerieesquina.fr\/wp-content\/uploads\/2024\/05\/IMG_1322.jpg\" >\n\t\t\t\t\t\t\t\t\t\t<\/div>\n\t\t\t\t\t\t\t<div data-rel=\"lightbox\"  data-thumb=\"http:\/\/www.galerieesquina.fr\/wp-content\/uploads\/2024\/05\/IMG_1259.jpg\" data-src=\"http:\/\/www.galerieesquina.fr\/wp-content\/uploads\/2024\/05\/IMG_1259.jpg\" >\n\t\t\t\t\t\t\t\t\t\t<\/div>\n\t\t\t\t\t<\/div>\n\t\t<div style=\"clear:both;\"><\/div>\n\t\t\n","protected":false},"excerpt":{"rendered":"<p>Artiste pr\u00e9coce n\u00e9 en 1984, Lolek compose ses premiers\u00a0dessins et pastels \u00e0 10 ans et propose ses premiers bronzes en exposition \u00e0 12 ans. Aujourd\u2019hui ses sujets nus ne choquent plus personne, pourtant \u00e0 cette \u00e9poque dans le coll\u00e8ge religieux &hellip; <a href=\"https:\/\/www.galerieesquina.fr\/index.php\/nos-artistes\/lolek\/\">Continue reading <span class=\"meta-nav\">&rarr;<\/span><\/a><\/p>\n","protected":false},"author":1,"featured_media":0,"parent":48,"menu_order":1,"comment_status":"closed","ping_status":"closed","template":"","meta":{"footnotes":""},"class_list":["post-118","page","type-page","status-publish","hentry"],"_links":{"self":[{"href":"https:\/\/www.galerieesquina.fr\/index.php\/wp-json\/wp\/v2\/pages\/118","targetHints":{"allow":["GET"]}}],"collection":[{"href":"https:\/\/www.galerieesquina.fr\/index.php\/wp-json\/wp\/v2\/pages"}],"about":[{"href":"https:\/\/www.galerieesquina.fr\/index.php\/wp-json\/wp\/v2\/types\/page"}],"author":[{"embeddable":true,"href":"https:\/\/www.galerieesquina.fr\/index.php\/wp-json\/wp\/v2\/users\/1"}],"replies":[{"embeddable":true,"href":"https:\/\/www.galerieesquina.fr\/index.php\/wp-json\/wp\/v2\/comments?post=118"}],"version-history":[{"count":3,"href":"https:\/\/www.galerieesquina.fr\/index.php\/wp-json\/wp\/v2\/pages\/118\/revisions"}],"predecessor-version":[{"id":200,"href":"https:\/\/www.galerieesquina.fr\/index.php\/wp-json\/wp\/v2\/pages\/118\/revisions\/200"}],"up":[{"embeddable":true,"href":"https:\/\/www.galerieesquina.fr\/index.php\/wp-json\/wp\/v2\/pages\/48"}],"wp:attachment":[{"href":"https:\/\/www.galerieesquina.fr\/index.php\/wp-json\/wp\/v2\/media?parent=118"}],"curies":[{"name":"wp","href":"https:\/\/api.w.org\/{rel}","templated":true}]}}

<p>Artiste précoce né en 1984,<strong> Lolek </strong>compose ses premiers dessins et pastels à 10 ans et propose ses premiers bronzes en exposition à 12 ans.</p>



<p>Aujourd’hui ses sujets nus ne choquent plus personne, pourtant à cette époque dans le collège religieux qu’il fréquente, au-delà du caractère érotique qui lui est reproché, les professeurs de dessin diront de lui qu’il est sans talent et que ses dessins sont trop simplistes.</p>



<p>Pourtant, il révèle un sens inné des équilibres et des formes généreuses que l’on retrouve tout au long de sa déjà longue carrière. Il exprime dans ses œuvres des sensations charnelles un peu provocatrices qui font de lui un jeune créateur très talentueux et très remarqué.</p>



<p>Artiste professionnel très tôt, il expose dans les galeries d’art du monde entier depuis 1996.</p>



<p>Ses œuvres ont une facture unique rehaussée de patine de grande qualité.</p>



<p>A l’origine ses formes épurées et amples lui permettent de créer sans maîtriser les techniques et rendent facilement stables ses sculptures&nbsp;; cette «&nbsp;immaturité&nbsp;» va lui offrir un style et encrer sa signature artistique.</p>



<p>Elle est aujourd’hui indissociable de son œuvre.</p>



<p>Il ne propose que des œuvres originales numérotées, toujours en bronze patinés ou peints.</p>



<p>Lolek est un artiste sculpteur coté Drouot &amp; Akoun.</p>



		<link href="https://www.galerieesquina.fr/wp-content/plugins/slideshow-ck/themes/default/css/camera.css" rel="stylesheet" type="text/css" />
		<style type="text/css">
			#camera_wrap_124 .camera_pag_ul li img, #camera_wrap_124 .camera_thumbs_cont ul li img {
				height:100px;
				width: auto;
			}
			#camera_wrap_124 .camera_caption {
				display: block;
				position: absolute;
			}
			#camera_wrap_124 .camera_caption a.camera_caption_link {
				display: block;
				position: absolute;
				left: 0;
				right: 0;
				top: 0;
				bottom: 0;
			}
			#camera_wrap_124 .camera_caption > div {
				background: #000000;			}
			#camera_wrap_124 .camera_caption div.camera_caption_title {
				font-size: 18px;line-height: 18px;font-weight: normal;			}
			#camera_wrap_124 .camera_caption div.camera_caption_desc {
				font-size: 12px;line-height: 12px;font-weight: normal;			}
		</style>
				<div class="slideshowck camera_wrap camera_amber_skin" id="camera_wrap_124">
							<div data-rel="lightbox"  data-thumb="http://www.galerieesquina.fr/wp-content/uploads/2024/05/IMG_1319-rotated.jpg" data-src="http://www.galerieesquina.fr/wp-content/uploads/2024/05/IMG_1319-rotated.jpg" >
										</div>
							<div data-rel="lightbox"  data-thumb="http://www.galerieesquina.fr/wp-content/uploads/2024/05/IMG_1314-rotated.jpg" data-src="http://www.galerieesquina.fr/wp-content/uploads/2024/05/IMG_1314-rotated.jpg" >
										</div>
							<div data-rel="lightbox"  data-thumb="http://www.galerieesquina.fr/wp-content/uploads/2024/05/IMG_1315.jpg" data-src="http://www.galerieesquina.fr/wp-content/uploads/2024/05/IMG_1315.jpg" >
										</div>
							<div data-rel="lightbox"  data-thumb="http://www.galerieesquina.fr/wp-content/uploads/2024/05/IMG_1321.jpg" data-src="http://www.galerieesquina.fr/wp-content/uploads/2024/05/IMG_1321.jpg" >
										</div>
							<div data-rel="lightbox"  data-thumb="http://www.galerieesquina.fr/wp-content/uploads/2024/05/IMG_1308.jpg" data-src="http://www.galerieesquina.fr/wp-content/uploads/2024/05/IMG_1308.jpg" >
										</div>
							<div data-rel="lightbox"  data-thumb="http://www.galerieesquina.fr/wp-content/uploads/2024/05/IMG_1318-rotated.jpg" data-src="http://www.galerieesquina.fr/wp-content/uploads/2024/05/IMG_1318-rotated.jpg" >
										</div>
							<div data-rel="lightbox"  data-thumb="http://www.galerieesquina.fr/wp-content/uploads/2024/05/IMG_1322.jpg" data-src="http://www.galerieesquina.fr/wp-content/uploads/2024/05/IMG_1322.jpg" >
										</div>
							<div data-rel="lightbox"  data-thumb="http://www.galerieesquina.fr/wp-content/uploads/2024/05/IMG_1259.jpg" data-src="http://www.galerieesquina.fr/wp-content/uploads/2024/05/IMG_1259.jpg" >
										</div>
					</div>
		<div style="clear:both;"></div>

<p>Artiste précoce né en 1984, Lolek compose ses premiers dessins et pastels à 10 ans et propose ses premiers bronzes en exposition à 12 ans. Aujourd’hui ses sujets nus ne choquent plus personne, pourtant à cette époque dans le collège religieux &hellip; <a href="https://www.galerieesquina.fr/index.php/nos-artistes/lolek/">Continue reading <span class="meta-nav">&rarr;</span></a></p>
