{"id":101,"date":"2024-05-18T12:36:34","date_gmt":"2024-05-18T10:36:34","guid":{"rendered":"https:\/\/www.galerieesquina.fr\/?page_id=101"},"modified":"2025-03-18T17:33:36","modified_gmt":"2025-03-18T16:33:36","slug":"fabrice-dalsecco","status":"publish","type":"page","link":"https:\/\/www.galerieesquina.fr\/index.php\/nos-artistes\/fabrice-dalsecco\/","title":{"rendered":"Fabrice DAL&#8217;SECCO"},"content":{"rendered":"\n<p><strong>Fabrice Dal\u2019Secco<\/strong> est n\u00e9 \u00e0 Paris en 1970.<\/p>\n\n\n\n<p>Apr\u00e8s plus de 15 ann\u00e9es pass\u00e9es dans le milieu de la presse automobile, il a souhait\u00e9 tout quitter en 2008 pour s\u2019adonner \u00e0 sa passion : la sculpture et la fonderie d\u2019art.<\/p>\n\n\n\n<p>Pour cet artiste, l\u2019inspiration vient de la mati\u00e8re et du mouvement. Des copeaux en alu d\u00e9couverts chez un ferrailleur font na\u00eetre les nattes d\u2019une femme africaine. Un bout de fer rouill\u00e9 malmen\u00e9 par la mer d\u00e9couvert sur la plage, et voici le promontoire d\u2019une vigie longiligne en bronze\u2026 Il regarde, manipule, imagine comment donner corps \u00e0 des mat\u00e9riaux jet\u00e9s aux oubliettes. Le plus souvent comme socle, qui font partie int\u00e9grante de ses sculptures. Les tentacules du poulpe emprisonnent le calcaire, l\u2019\u00e9quilibriste prend appui sur le gr\u00e8s tandis que, dans la savane, la lionne chasse dans le reflet du marbre.<\/p>\n\n\n\n<p>Pas de domaine de pr\u00e9dilection, il sculpte des animaux, des silhouettes, des visages singuliers avec la m\u00eame passion. Capteur de mouvement, d\u2019attitude, laissant l\u2019imagination de l\u2019observateur cr\u00e9er l\u2019action \u00e0 venir. Inspiration soudaine, non ma\u00eetris\u00e9e, qui le pousse dans son atelier o\u00f9 il fond lui-m\u00eame ses bronzes. Artiste-m\u00e9tallurgiste qui manie le m\u00e9tal en fusion avec d\u00e9lectation.<\/p>\n\n\n\n\t\t<link href=\"https:\/\/www.galerieesquina.fr\/wp-content\/plugins\/slideshow-ck\/themes\/default\/css\/camera.css\" rel=\"stylesheet\" type=\"text\/css\" \/>\n\t\t<style type=\"text\/css\">\n\t\t\t#camera_wrap_116 .camera_pag_ul li img, #camera_wrap_116 .camera_thumbs_cont ul li img {\n\t\t\t\theight:100px;\n\t\t\t\twidth: auto;\n\t\t\t}\n\t\t\t#camera_wrap_116 .camera_caption {\n\t\t\t\tdisplay: block;\n\t\t\t\tposition: absolute;\n\t\t\t}\n\t\t\t#camera_wrap_116 .camera_caption a.camera_caption_link {\n\t\t\t\tdisplay: block;\n\t\t\t\tposition: absolute;\n\t\t\t\tleft: 0;\n\t\t\t\tright: 0;\n\t\t\t\ttop: 0;\n\t\t\t\tbottom: 0;\n\t\t\t}\n\t\t\t#camera_wrap_116 .camera_caption > div {\n\t\t\t\tbackground: #000000;\t\t\t}\n\t\t\t#camera_wrap_116 .camera_caption div.camera_caption_title {\n\t\t\t\tfont-size: 18px;line-height: 18px;font-weight: normal;\t\t\t}\n\t\t\t#camera_wrap_116 .camera_caption div.camera_caption_desc {\n\t\t\t\tfont-size: 12px;line-height: 12px;font-weight: normal;\t\t\t}\n\t\t<\/style>\n\t\t\t\t<div class=\"slideshowck camera_wrap camera_amber_skin\" id=\"camera_wrap_116\">\n\t\t\t\t\t\t\t<div data-rel=\"lightbox\"  data-thumb=\"http:\/\/www.galerieesquina.fr\/wp-content\/uploads\/2024\/05\/IMG_0025-scaled-1.jpg\" data-src=\"http:\/\/www.galerieesquina.fr\/wp-content\/uploads\/2024\/05\/IMG_0025-scaled-1.jpg\" >\n\t\t\t\t\t\t\t\t\t\t<\/div>\n\t\t\t\t\t\t\t<div data-rel=\"lightbox\"  data-thumb=\"http:\/\/www.galerieesquina.fr\/wp-content\/uploads\/2024\/05\/train-train-quotidien.jpg\" data-src=\"http:\/\/www.galerieesquina.fr\/wp-content\/uploads\/2024\/05\/train-train-quotidien.jpg\" >\n\t\t\t\t\t\t\t\t\t\t<\/div>\n\t\t\t\t\t\t\t<div data-rel=\"lightbox\"  data-thumb=\"http:\/\/www.galerieesquina.fr\/wp-content\/uploads\/2024\/05\/ca-balance2-scaled-1.jpg\" data-src=\"http:\/\/www.galerieesquina.fr\/wp-content\/uploads\/2024\/05\/ca-balance2-scaled-1.jpg\" >\n\t\t\t\t\t\t\t\t\t\t<\/div>\n\t\t\t\t\t\t\t<div data-rel=\"lightbox\"  data-thumb=\"http:\/\/www.galerieesquina.fr\/wp-content\/uploads\/2024\/05\/IMG_9786-scaled-1.jpg\" data-src=\"http:\/\/www.galerieesquina.fr\/wp-content\/uploads\/2024\/05\/IMG_9786-scaled-1.jpg\" >\n\t\t\t\t\t\t\t\t\t\t<\/div>\n\t\t\t\t\t\t\t<div data-rel=\"lightbox\"  data-thumb=\"http:\/\/www.galerieesquina.fr\/wp-content\/uploads\/2024\/05\/IMG_9922-scaled-1.jpg\" data-src=\"http:\/\/www.galerieesquina.fr\/wp-content\/uploads\/2024\/05\/IMG_9922-scaled-1.jpg\" >\n\t\t\t\t\t\t\t\t\t\t<\/div>\n\t\t\t\t\t\t\t<div data-rel=\"lightbox\"  data-thumb=\"http:\/\/www.galerieesquina.fr\/wp-content\/uploads\/2024\/05\/decompression-scaled-1.jpg\" data-src=\"http:\/\/www.galerieesquina.fr\/wp-content\/uploads\/2024\/05\/decompression-scaled-1.jpg\" >\n\t\t\t\t\t\t\t\t\t\t<\/div>\n\t\t\t\t\t\t\t<div data-rel=\"lightbox\"  data-thumb=\"http:\/\/www.galerieesquina.fr\/wp-content\/uploads\/2024\/05\/grand-frais-scaled-1.jpg\" data-src=\"http:\/\/www.galerieesquina.fr\/wp-content\/uploads\/2024\/05\/grand-frais-scaled-1.jpg\" >\n\t\t\t\t\t\t\t\t\t\t<\/div>\n\t\t\t\t\t<\/div>\n\t\t<div style=\"clear:both;\"><\/div>\n\t\t\n","protected":false},"excerpt":{"rendered":"<p>Fabrice Dal\u2019Secco est n\u00e9 \u00e0 Paris en 1970. Apr\u00e8s plus de 15 ann\u00e9es pass\u00e9es dans le milieu de la presse automobile, il a souhait\u00e9 tout quitter en 2008 pour s\u2019adonner \u00e0 sa passion : la sculpture et la fonderie d\u2019art. &hellip; <a href=\"https:\/\/www.galerieesquina.fr\/index.php\/nos-artistes\/fabrice-dalsecco\/\">Continue reading <span class=\"meta-nav\">&rarr;<\/span><\/a><\/p>\n","protected":false},"author":1,"featured_media":0,"parent":48,"menu_order":1,"comment_status":"closed","ping_status":"closed","template":"","meta":{"footnotes":""},"class_list":["post-101","page","type-page","status-publish","hentry"],"_links":{"self":[{"href":"https:\/\/www.galerieesquina.fr\/index.php\/wp-json\/wp\/v2\/pages\/101","targetHints":{"allow":["GET"]}}],"collection":[{"href":"https:\/\/www.galerieesquina.fr\/index.php\/wp-json\/wp\/v2\/pages"}],"about":[{"href":"https:\/\/www.galerieesquina.fr\/index.php\/wp-json\/wp\/v2\/types\/page"}],"author":[{"embeddable":true,"href":"https:\/\/www.galerieesquina.fr\/index.php\/wp-json\/wp\/v2\/users\/1"}],"replies":[{"embeddable":true,"href":"https:\/\/www.galerieesquina.fr\/index.php\/wp-json\/wp\/v2\/comments?post=101"}],"version-history":[{"count":6,"href":"https:\/\/www.galerieesquina.fr\/index.php\/wp-json\/wp\/v2\/pages\/101\/revisions"}],"predecessor-version":[{"id":201,"href":"https:\/\/www.galerieesquina.fr\/index.php\/wp-json\/wp\/v2\/pages\/101\/revisions\/201"}],"up":[{"embeddable":true,"href":"https:\/\/www.galerieesquina.fr\/index.php\/wp-json\/wp\/v2\/pages\/48"}],"wp:attachment":[{"href":"https:\/\/www.galerieesquina.fr\/index.php\/wp-json\/wp\/v2\/media?parent=101"}],"curies":[{"name":"wp","href":"https:\/\/api.w.org\/{rel}","templated":true}]}}

<p><strong>Fabrice Dal’Secco</strong> est né à Paris en 1970.</p>



<p>Après plus de 15 années passées dans le milieu de la presse automobile, il a souhaité tout quitter en 2008 pour s’adonner à sa passion : la sculpture et la fonderie d’art.</p>



<p>Pour cet artiste, l’inspiration vient de la matière et du mouvement. Des copeaux en alu découverts chez un ferrailleur font naître les nattes d’une femme africaine. Un bout de fer rouillé malmené par la mer découvert sur la plage, et voici le promontoire d’une vigie longiligne en bronze… Il regarde, manipule, imagine comment donner corps à des matériaux jetés aux oubliettes. Le plus souvent comme socle, qui font partie intégrante de ses sculptures. Les tentacules du poulpe emprisonnent le calcaire, l’équilibriste prend appui sur le grès tandis que, dans la savane, la lionne chasse dans le reflet du marbre.</p>



<p>Pas de domaine de prédilection, il sculpte des animaux, des silhouettes, des visages singuliers avec la même passion. Capteur de mouvement, d’attitude, laissant l’imagination de l’observateur créer l’action à venir. Inspiration soudaine, non maîtrisée, qui le pousse dans son atelier où il fond lui-même ses bronzes. Artiste-métallurgiste qui manie le métal en fusion avec délectation.</p>



		<link href="https://www.galerieesquina.fr/wp-content/plugins/slideshow-ck/themes/default/css/camera.css" rel="stylesheet" type="text/css" />
		<style type="text/css">
			#camera_wrap_116 .camera_pag_ul li img, #camera_wrap_116 .camera_thumbs_cont ul li img {
				height:100px;
				width: auto;
			}
			#camera_wrap_116 .camera_caption {
				display: block;
				position: absolute;
			}
			#camera_wrap_116 .camera_caption a.camera_caption_link {
				display: block;
				position: absolute;
				left: 0;
				right: 0;
				top: 0;
				bottom: 0;
			}
			#camera_wrap_116 .camera_caption > div {
				background: #000000;			}
			#camera_wrap_116 .camera_caption div.camera_caption_title {
				font-size: 18px;line-height: 18px;font-weight: normal;			}
			#camera_wrap_116 .camera_caption div.camera_caption_desc {
				font-size: 12px;line-height: 12px;font-weight: normal;			}
		</style>
				<div class="slideshowck camera_wrap camera_amber_skin" id="camera_wrap_116">
							<div data-rel="lightbox"  data-thumb="http://www.galerieesquina.fr/wp-content/uploads/2024/05/IMG_0025-scaled-1.jpg" data-src="http://www.galerieesquina.fr/wp-content/uploads/2024/05/IMG_0025-scaled-1.jpg" >
										</div>
							<div data-rel="lightbox"  data-thumb="http://www.galerieesquina.fr/wp-content/uploads/2024/05/train-train-quotidien.jpg" data-src="http://www.galerieesquina.fr/wp-content/uploads/2024/05/train-train-quotidien.jpg" >
										</div>
							<div data-rel="lightbox"  data-thumb="http://www.galerieesquina.fr/wp-content/uploads/2024/05/ca-balance2-scaled-1.jpg" data-src="http://www.galerieesquina.fr/wp-content/uploads/2024/05/ca-balance2-scaled-1.jpg" >
										</div>
							<div data-rel="lightbox"  data-thumb="http://www.galerieesquina.fr/wp-content/uploads/2024/05/IMG_9786-scaled-1.jpg" data-src="http://www.galerieesquina.fr/wp-content/uploads/2024/05/IMG_9786-scaled-1.jpg" >
										</div>
							<div data-rel="lightbox"  data-thumb="http://www.galerieesquina.fr/wp-content/uploads/2024/05/IMG_9922-scaled-1.jpg" data-src="http://www.galerieesquina.fr/wp-content/uploads/2024/05/IMG_9922-scaled-1.jpg" >
										</div>
							<div data-rel="lightbox"  data-thumb="http://www.galerieesquina.fr/wp-content/uploads/2024/05/decompression-scaled-1.jpg" data-src="http://www.galerieesquina.fr/wp-content/uploads/2024/05/decompression-scaled-1.jpg" >
										</div>
							<div data-rel="lightbox"  data-thumb="http://www.galerieesquina.fr/wp-content/uploads/2024/05/grand-frais-scaled-1.jpg" data-src="http://www.galerieesquina.fr/wp-content/uploads/2024/05/grand-frais-scaled-1.jpg" >
										</div>
					</div>
		<div style="clear:both;"></div>

<p>Fabrice Dal’Secco est né à Paris en 1970. Après plus de 15 années passées dans le milieu de la presse automobile, il a souhaité tout quitter en 2008 pour s’adonner à sa passion : la sculpture et la fonderie d’art. &hellip; <a href="https://www.galerieesquina.fr/index.php/nos-artistes/fabrice-dalsecco/">Continue reading <span class="meta-nav">&rarr;</span></a></p>
